{"id":5,"date":"2013-03-27T14:01:34","date_gmt":"2013-03-27T12:01:34","guid":{"rendered":"http:\/\/www.ev-kiga-mhl.de\/elisabeth\/?page_id=5"},"modified":"2025-08-19T11:10:39","modified_gmt":"2025-08-19T09:10:39","slug":"fuer-eltern","status":"publish","type":"page","link":"http:\/\/www.ev-kiga-mhl.de\/elisabeth\/fuer-eltern\/","title":{"rendered":"F\u00fcr Eltern"},"content":{"rendered":"<p><strong>Hallo und herzlich Willkommen auf unserer Website!<\/strong><\/p>\n<p>Damit Sie einen Einblick in unsere Arbeit bekommen k\u00f6nnen, stellen wir uns hiermit kurz bei Ihnen vor:<\/p>\n<p>Tr\u00e4ger des Kindergartens ist die Evangelische Kirchengemeinde M\u00fchlhausen.<\/p>\n<p>Unser Kindergarten befindet sich im M\u00fchlh\u00e4user Altstadtkern, umgeben von der Stadtmauer in zentraler Lage. In der N\u00e4he befinden sich weiterhin einige Kirchen, die Bibliothek in der Jakobikirche, das Kunsthaus, die Th\u00fcringentherme und die Einkaufspassage am Steinweg. Das Wohngebiet, dass unseren Kindergarten umschlie\u00dft, besteht aus sanierten Altbauten die zum gr\u00f6\u00dften Teil vermietet sind und Altneubauten der st\u00e4dtischen Wohnungsgesellschaft, ebenfalls vermietet.<\/p>\n<p>Der Kindergarten wird von Kindern aus dem gesamten Stadtgebiet besucht!<\/p>\n<p>&nbsp;<\/p>\n<p>&nbsp;<\/p>\n","protected":false},"excerpt":{"rendered":"<p>Hallo und herzlich Willkommen auf unserer Website! Damit Sie einen Einblick in unsere Arbeit bekommen k\u00f6nnen, stellen wir uns hiermit kurz bei Ihnen vor: Tr\u00e4ger des Kindergartens ist die Evangelische Kirchengemeinde M\u00fchlhausen. Unser Kindergarten befindet sich im M\u00fchlh\u00e4user Altstadtkern, umgeben von der Stadtmauer in zentraler Lage. In der N\u00e4he befinden sich weiterhin einige Kirchen, die [&hellip;]<\/p>\n","protected":false},"author":1,"featured_media":0,"parent":0,"menu_order":0,"comment_status":"open","ping_status":"open","template":"","meta":{"ngg_post_thumbnail":0},"_links":{"self":[{"href":"http:\/\/www.ev-kiga-mhl.de\/elisabeth\/wp-json\/wp\/v2\/pages\/5"}],"collection":[{"href":"http:\/\/www.ev-kiga-mhl.de\/elisabeth\/wp-json\/wp\/v2\/pages"}],"about":[{"href":"http:\/\/www.ev-kiga-mhl.de\/elisabeth\/wp-json\/wp\/v2\/types\/page"}],"author":[{"embeddable":true,"href":"http:\/\/www.ev-kiga-mhl.de\/elisabeth\/wp-json\/wp\/v2\/users\/1"}],"replies":[{"embeddable":true,"href":"http:\/\/www.ev-kiga-mhl.de\/elisabeth\/wp-json\/wp\/v2\/comments?post=5"}],"version-history":[{"count":17,"href":"http:\/\/www.ev-kiga-mhl.de\/elisabeth\/wp-json\/wp\/v2\/pages\/5\/revisions"}],"predecessor-version":[{"id":390,"href":"http:\/\/www.ev-kiga-mhl.de\/elisabeth\/wp-json\/wp\/v2\/pages\/5\/revisions\/390"}],"wp:attachment":[{"href":"http:\/\/www.ev-kiga-mhl.de\/elisabeth\/wp-json\/wp\/v2\/media?parent=5"}],"curies":[{"name":"wp","href":"https:\/\/api.w.org\/{rel}","templated":true}]}}